ose 9*t + 4*t = 195. What is the units digit of t?
5
Let w(y) = -y**2 - 17*y + 13*y - 2*y**2 - y**3 + 3 + 2*y**3. Let n be w(4). Suppose 0*i + n*i - 39 = 0. What is the tens digit of i?
1
Let a(t) be the third derivative of -t**5/60 + t**3/3 + 2*t**2. Let f be a(4). What is the units digit of ((-10)/4 + 2)*f?
7
Let w = -215 + 445. What is the units digit of w?
0
Let o(w) = 0*w**3 + 3*w**3 - 5 - 2*w**3 + 5*w + 7*w**2. What is the units digit of o(-6)?
1
Let f(l) = 5 - 2 + l**2 + 1 - 6*l. Let n be f(5). Let s(v) = 8*v**2 + 1. What is the units digit of s(n)?
9
Let o be 64 + 1/(-1 + 2). Suppose 0 = -5*a - 0*a + o. What is the tens digit of a?
1
Suppose -z = 2*i - 239, 2*z + 5 = -5. What is the tens digit of i?
2
Let y be (-63)/15*(-16 - -6). Let a = y + -19. What is the tens digit of a?
2
Let u(f) = f**2 - 8. Let v be u(-8). Suppose -8*b - v = -10*b. What is the units digit of b?
8
Suppose 0 = 11*q - 7*q - 16. Suppose 4*g + 5*l + 6 - 93 = 0, -2*g = -q*l - 24. What is the tens digit of g?
1
Let c(i) = -6*i + 4. Let q(l) = l**2 - l. Let z(b) = -c(b) - q(b). Let w be z(5). Suppose 5*u - w - 9 = 0. What is the units digit of u?
3
Suppose -6*m + 54 = -3*m. Suppose -2*u - m = -0*z - 5*z, -11 = -3*u - 2*z. What is the units digit of u?
1
Suppose 1 = n, 5*i - i + 2*n - 186 = 0. What is the units digit of i?
6
Let y = -327 + 463. What is the units digit of y?
6
Let u be 3/(-3) - (-1 + -49). Suppose -207 + u = 5*a - 4*z, -2*z = a + 26. What is the units digit of ((-9)/15)/(2/a)?
9
Suppose 4*p - 8 = -4, 2*p = -3*l - 7. Let t be (-47)/l + 6/(-9). Suppose 6*m - t = 3*m. What is the units digit of m?
5
Suppose -u + 3*d = -2*u + 16, 0 = -4*u - 2*d + 44. What is the tens digit of u?
1
Suppose -3*p + 3*k + 5 = p, 0 = k - 1. Let i be 70/22 - 6/33. Suppose 2*r + 2*f = 6, i*f = 5*r - 13 - p. What is the units digit of r?
3
Let q(n) = n**3 + 10*n**2 - 2. Let a be q(-10). What is the units digit of 10 - (-6)/4*a?
7
Suppose 2*g + 0*g - 48 = 0. What is the units digit of g?
4
Let o = 431 - 245. What is the units digit of o?
6
Suppose -30 - 120 = -6*v. What is the units digit of v?
5
Suppose 45 - 156 = 3*x. What is the units digit of 4/(-10) + x/(-5)?
7
Let h(o) = -11*o - 9. Let p(r) = 5*r + 4. Let d(i) = -6*h(i) - 13*p(i). What is the units digit of d(2)?
4
Suppose r - 13 = -3*i + i, 0 = -4*r - 3*i + 32. Suppose 2*j = 2*n - 20, -6*j = r*n - j - 30. What is the units digit of n?
8
Let c(t) = t**3 - 8*t**2 + 6*t + 10. Let m be c(7). Let a = 8 - m. What is the units digit of (-1)/a + (-910)/(-50)?
8
Suppose -2*s = c + 3*s - 2, 0 = -c + 5*s - 8. Let g(b) = -b**3 + 3*b - 1. What is the tens digit of g(c)?
1
Let v = -86 + 271. What is the hundreds digit of v?
1
Let g be (9/6)/3*50. What is the tens digit of g - -2 - (-2 - -4)?
2
Suppose -4*c = 8 - 32. Suppose -8*j = -c*j. Suppose 0 = -j*i + 3*i - 42. What is the tens digit of i?
1
Let n = 3 + 1. What is the units digit of n?
4
Suppose -10 = -2*b, 4*u - 4*b - 16 - 20 = 0. What is the units digit of u?
4
Suppose 0 = -2*j + 3*j + 6. Let s be (-1 + 5)*j/4. What is the units digit of ((-52)/s)/((-4)/(-6))?
3
Let s(k) = 2 + 2*k**2 - k**2 + 2*k**2 + k. What is the tens digit of s(2)?
1
Suppose 1 = o - 0. What is the units digit of o?
1
Suppose -t - 3*t + 3*b + 6 = 0, 0 = -5*t - 5*b - 10. Suppose t*q = q - 15. What is the tens digit of q?
1
Let i = -5 + 15. Let l = 4 - i. What is the units digit of l/9 + (-46)/(-6)?
7
Suppose 2*p - 2*v + 5 = 3*v, -4*p + 1 = v. Suppose l - 5 - 9 = p. What is the tens digit of l?
1
Suppose -3*q - 3*l + 9 = 0, q - 1 = l - 4*l. Let j be (10/q)/((-2)/(-4)). Let b = 7 - j. What is the units digit of b?
2
Suppose -4*g + 7*g + 5*t = 651, -6 = -2*t. What is the hundreds digit of g?
2
Suppose -5*h + 0*h = -200. What is the tens digit of h?
4
Let i = 67 - 18. What is the tens digit of i?
4
Let l = -20 - -54. What is the tens digit of l?
3
Suppose 2*d - 14 = -h - 4*h, -5*h + 2*d + 6 = 0. Suppose 0 = 2*o + 2*p - 44 + 4, -h*p = 3*o - 63. What is the tens digit of o?
2
Suppose 4*b + 2 = i, 3*i + 2*b = 4*i. What is the units digit of i + 4 + -2 - -24?
4
What is the tens digit of 94/5 + (-5)/(-25)?
1
Let n be 1/3 - 37/3. Let l(y) = 19*y - 1. Let u be l(1). Let w = n + u. What is the units digit of w?
6
What is the units digit of ((-10)/(-15))/(-1*(-4)/162)?
7
Let u = -1 + 3. Suppose u*p - 4*p = -16. What is the units digit of p?
8
Suppose 0 = -4*a + 14 + 2. Let g be (-4)/(-3) + (-4)/(-6). Let u = a + g. What is the units digit of u?
6
Let b be (4 - 2) + 2*-1. Suppose 5*p - 10 - 15 = b. Suppose 3 = 2*r - p. What is the units digit of r?
4
Suppose 0 = -v - 4*m + 80, v = -m + 4*m + 45. What is the units digit of v?
0
Let x(m) = m**2 + 30. Let v be (-3 + 12/4)/(-2). What is the units digit of x(v)?
0
Let u(g) = -2*g - 7. Let i = -15 + 9. Let w be u(i). Suppose w = -2*s + 15. What is the units digit of s?
5
Suppose 0 = 4*j - 16 + 4. Let m(q) = -5 + 11*q - j*q - q**2 + 0. What is the units digit of m(6)?
7
Suppose -5*l + 4 + 11 = 0, 5*u = l - 23. Let i = u - -10. What is the units digit of i?
6
Let u(w) = 4*w + 3. Let d(r) = 5*r + 3. Let x(h) = 5*d(h) - 6*u(h). What is the units digit of x(8)?
5
Suppose y - 13 + 31 = -5*i, -12 = 2*y + 4*i. What is the units digit of y?
2
Suppose 1331 = 5*v + 81. Suppose -f = 4*f + v. Let r = f + 70. What is the units digit of r?
0
Suppose -3*v = -0*v - 12. Suppose -v*k + 20 = k. Suppose 14 = -3*a + k*a. What is the units digit of a?
4
Let h(s) = 2*s**3 - 4*s**2 + 4*s - 3. Let d be h(2). Suppose -d = -u + 3. What is the units digit of 82/u - (-1)/(-4)?
0
Let r(p) = 2*p - 4. Let q be r(3). Let g(a) = a**2 - 4*a**q - 11*a + 2*a**2 - 3 - 1. What is the units digit of g(-8)?
0
Suppose -15*r + 2352 = -3*r. What is the tens digit of r?
9
Let k be 6/4 - 2/(-4). Let v be 188/28 - k/(-7). Suppose -s + 2*s - v = -3*c, 2*s - 2*c = 6. What is the units digit of s?
4
Let q(d) be the first derivative of -d**5/20 - d**4/2 + 5*d**3/6 - 2*d**2 - 2*d + 3. Let o(u) be the first derivative of q(u). What is the units digit of o(-7)?
0
Suppose 34 + 38 = 2*h. What is the tens digit of h?
3
What is the units digit of -1 + 6/8 + 19342/152?
7
Let w = 18 - -4. What is the units digit of w?
2
Let n = -26 + 43. What is the units digit of n?
7
Let u be (0 - -28 - 2) + -3. Suppose 2*x - 3*i - 17 = 29, -u = -x + i. What is the tens digit of x?
2
Let d = 112 - 36. What is the tens digit of d?
7
What is the units digit of (-3 + 5)*(-163)/(-2)?
3
Let l(o) = 3*o - 34. Let i(c) = 5*c - 51. Let t(r) = 5*i(r) - 8*l(r). What is the tens digit of t(0)?
1
Let z = -11 + 18. Suppose -4*w = -z*w + 18. What is the units digit of w?
6
Let x(z) = -77*z**3 + z**2 + z. Let f be x(-1). Let w = -46 + f. What is the units digit of w?
1
Suppose 2*i + 381 = 3*d, 4*d - 230 = -2*i + 264. What is the tens digit of d?
2
Let k = 33 - 8. What is the tens digit of k?
2
Let c(p) = -3 + 1 + 1. Let z(k) = k - 7. Let t(n) = 6*c(n) - z(n). What is the units digit of t(-7)?
8
What is the units digit of (34/51)/(1/9)?
6
Let b(v) be the second derivative of -v**5/20 - 11*v**4/12 - v**3/6 + v**2 + 3*v. What is the tens digit of b(-11)?
1
Let i = 12 - 6. Let t = i - -11. What is the tens digit of t?
1
Suppose o - 2 = w, 2*o - 3*w + 0*w - 3 = 0. Let r be (-265)/(-25) + o/(-5). Suppose -2*z + 4*z = r. What is the units digit of z?
5
Suppose -39 = 4*y - 247. What is the tens digit of y?
5
Suppose 2*k + 63 = 5*k. What is the tens digit of k?
2
Let s(l) = -2*l + 3. Let n(h) = 5*h - 8. Let a(t) = -4*n(t) - 11*s(t). Suppose 6*q = q + 20. What is the units digit of a(q)?
7
Let v(s) = -2*s + 11. Let w be v(0). Suppose -9 = -n + 1. Suppose c + 4*r = n + 1, -3*r = -c + w. What is the units digit of c?
1
Let c be (-3)/(-7) + 18/7. Suppose 0 = 3*l + 3*f - 30, -2*l + c*l + 3*f = 10. What is the tens digit of l?
1
Suppose c + 4*b = 5*c + 92, -5*c - 4*b = 88. Let v = -14 - c. Suppose 4*j + v = 22. What is the units digit of j?
4
Let x = 28 + -9. Suppose -x = -5*t + 3*k + 24, -3*t - 4*k + 20 = 0. What is the units digit of t?
8
Let p(g) = g**3 - 8*g**2 + 9*g - 3. Let k be p(7). Suppose 194 = 5*v - k. What is the units digit of v?
1
Let o = -93 + 148. What is the tens digit of o?
5
Suppose -k - 3 + 4 = 0. Let r be 0/k + 2 + -10. What is the units digit of 0/(5 + -2) - r?
8
